Let l(m) = m + 5. Let x be l(-7). Let t be (1/x)/((-3)/(-36)). What are the prime factors of t/10 + (-832)/(-20)?
41
Suppose 9 = -4*u - p + 6250, 5*p = 4*u - 6235. List the prime factors of u.
2, 3, 5, 13
Let q(w) = w**2 + 2*w + 2. Let b be q(-2). Suppose 3*i = p + 109, b*p - 23 = -i - p. List the prime factors of i.
5, 7
List the prime factors of (37680/(-200))/(9/(-105)).
2, 7, 157
Let r(u) = -u + 1. Let n be r(0). Let x = n - -2. Suppose -l = 4*w - 93, 8*l - 57 = -x*w + 3*l. What are the prime factors of w?
2, 3
List the prime factors of (-353)/(-1) + 12 + -7.
2, 179
Suppose 18*i = 14*i + 128. Suppose 33*g - 84 = i*g. What are the prime factors of g?
2, 3, 7
Let l = -29 - -65. Suppose -6*x = -10*x + l. What are the prime factors of x/12*4 - -14?
17
Suppose 0 = 3*k - 0 - 15. Let r be (-10)/(-3) - 30/(-45). Suppose -k*q = -3*q - r. What are the prime factors of q?
2
Let g(b) = 7*b**2 + 5*b - 8. Let d(i) = -10*i + 6. Let l be d(1). List the prime factors of g(l).
2, 3, 7
Suppose m + 2994 = -7*t + 10*t, 0 = 3*t + 5*m - 2994. List the prime factors of t.
2, 499
Let v be -1 + -3 - 13/(-1). Let x(i) = i**2 + 8*i + 2. What are the prime factors of x(v)?
5, 31
List the prime factors of -1 + 2287 - (-15)/((-45)/(-6)).
2, 11, 13
Let h be 1 - (-26)/(4/2). Let f(t) = -t**3 - 8*t**2 + t + 8. Let n be f(-8). Suppose 4*k - 3*k - h = n. What are the prime factors of k?
2, 7
Let d(u) = u**3 - 10*u**2 - 8*u - 9. Let q be d(11). Let p = q + -19. Suppose 2*j = 5*z - 308, -5*j - 316 = -p*z - j. List the prime factors of z.
2, 3, 5
Let a(x) = x**2 - x + 3. Suppose 0 = -3*r - 2*g + 34, -3*r + 4*g = 2*r - 42. List the prime factors of a(r).
3, 31
Let k(s) = 25*s + 31. Let x(t) = -17*t - 21. Let m(y) = 5*k(y) + 8*x(y). List the prime factors of m(-15).
2, 19
Let w(j) = -j**3 - j**2 - 9*j + 7. Let i(f) = -f**3 + 10*f**2 - 18*f + 10. Let z be i(8). List the prime factors of w(z).
241
Let y(p) = -p + 8*p + 1 + p - 3*p. Let b be y(-1). What are the prime factors of 6/b*(-132)/18?
11
Suppose 5*w = -4*a - 24, -a + 4*a + 3*w = -18. Suppose 5*q - 26 = 124. Let p = q + a. What are the prime factors of p?
2, 3
Let v be (0*4/20)/2. Suppose 0 = 4*u - 64 - v. What are the prime factors of u?
2
Let u be 43 + (0 - 6/(-2)). Suppose 0*h - 2*c + u = 3*h, 0 = 3*h - 2*c - 50. List the prime factors of (1/((-4)/h))/(-1).
2
Let n(l) be the third derivative of 41*l**4/24 - l**3/3 - 7*l**2. Let r be n(2). What are the prime factors of 364/10 - 32/r?
2, 3
Let k(w) = -3*w**3 + 112*w**2 - 31*w - 39. List the prime factors of k(36).
3, 17, 79
Let i(b) = -b**3 + 26*b**2 + 52*b - 90. What are the prime factors of i(26)?
2, 631
Let d be (-1 - (-6)/4)*4. Suppose -d*l + 4*s - 10 = 0, -l - s - 8 = -5*l. Suppose 0*k = l*k - 48. What are the prime factors of k?
2
Suppose 11 = 5*z + 1. Suppose -s = -r - z*r - 73, -2*r - 72 = -s. Suppose 7*d - 2*d - s = 0. What are the prime factors of d?
2, 7
Let t(k) = k**2 + 10*k + 13. Let u be t(-11). Suppose 10 = -p + u. Suppose -d + 12 = -p. List the prime factors of d.
2, 13
Let t = -18 - -6. Let w be 1/(-2)*t/2. Suppose w*s - 49 = 11. List the prime factors of s.
2, 5
Let l(x) = x - 2. Let o be l(-1). List the prime factors of (2/o)/(2/(-153)).
3, 17
What are the prime factors of 6662/4 + (-11)/(-22)?
2, 7, 17
Suppose -21*b + 25*b - 1628 = 0. Let m = b - 244. List the prime factors of m.
163
Suppose -9244 = -2*x - 2244. What are the prime factors of x?
2, 5, 7
Let d(n) = -40*n + 8. Suppose 4*y + 5 - 1 = 0. List the prime factors of d(y).
2, 3
Let n = 1863 - 476. List the prime factors of n.
19, 73
Let t = 6 + -4. Let z(d) be the second derivative of d**4/2 - d**3/2 + 3*d**2/2 + 8*d. List the prime factors of z(t).
3, 7
Let l(i) = i**2 - 2*i + 3. Let y = 8 + -6. Let q be l(y). Suppose -q*x = 2*u - 28, 3*u + 4*x - 28 = u. What are the prime factors of u?
2, 7
Suppose -c - 1 + 21 = 2*n, -38 = -3*c + 5*n. Let z(x) = -4*x**2 + 15*x + 11. Let a be z(5). Let b = a + c. What are the prime factors of b?
2
List the prime factors of 19154/10 + (-12)/30.
5, 383
Suppose 74 = 28*d - 24*d - j, -58 = -3*d + 2*j. List the prime factors of d.
2, 3
Suppose 11*w - 1854 = 2*w. Suppose 78 = 4*h - w. List the prime factors of h.
71
Let x = 1107 - 599. List the prime factors of x.
2, 127
Let m be 6/9*(-285)/(-10). Suppose 6*o = -1 + m. Let b(i) = 2*i**3 - i**2 - 5*i + 4. What are the prime factors of b(o)?
2, 17
Suppose -4*c + 124 = -3*u, -5*c + 128 = -c - 4*u. Let y = c + -37. Let p = y + 27. What are the prime factors of p?
2, 3
Let a(w) = 61*w**3 + 2*w**2 - w. Let h be a(1). Suppose 5*y - h = 18. What are the prime factors of y?
2
Let y(m) be the first derivative of -19*m**5/120 - m**4/24 - m**3/3 + 7. Let s(j) be the third derivative of y(j). What are the prime factors of s(-2)?
37
Suppose 0 = -q - 1 - 1. Let t(a) = 21*a**2 + a + 2. Let o be t(q). Suppose -o = -2*j - 20. What are the prime factors of j?
2
Suppose -b - 3 + 48 = 0. Suppose 3*d - 5*w = b + 55, 2*d = w + 69. What are the prime factors of d?
5, 7
Suppose 1988 = 2*b + 2*u, 3*b + 1050 - 4037 = 2*u. What are the prime factors of b?
5, 199
Let g(p) = -p - 4. Let i be g(-6). Suppose 4*o + 4*k - 72 = 0, 5*o - i*o + k = 62. Suppose -u + 7 + o = 0. List the prime factors of u.
29
Let w = 182 + -104. Let a = w + -31. List the prime factors of a.
47
Let f = -31 - -45. Suppose 105 = -9*r + f*r. List the prime factors of r.
3, 7
Suppose 0 = -3*s - x + 14734, 5046 + 19508 = 5*s - x. List the prime factors of s.
3, 1637
List the prime factors of (-18)/((-105)/(-40) - 3).
2, 3
Let c(r) = -36*r**2 - 2*r - 1. Let t be c(-1). What are the prime factors of (-3 + t/4)/(1/(-4))?
47
Let u = 10 - 7. Suppose u*x = -0*x - 4*d - 88, 25 = 5*d. What are the prime factors of (5/4)/((-3)/x)?
3, 5
Suppose 4*f - 12796 - 1294 = 2*s, 0 = 3*f + 4*s - 10540. What are the prime factors of f?
2, 5, 11
Let z = 8 - 3. Let p be 15/2*4/z. Suppose 11*q = p*q + 110. What are the prime factors of q?
2, 11
Suppose -3*r - 2*r + 1013 = -l, -5*r - 4*l = -998. What are the prime factors of r?
2, 101
Suppose -5*c + 2*c = -9. List the prime factors of (c - 15/6)/(2/164).
41
Let l(a) = 7*a**2 - 11*a + 3. What are the prime factors of l(-5)?
233
Suppose -2*o + 17 = -3*l, -5*o = -2*o - 3*l - 21. Suppose k = o*k - 180. List the prime factors of k.
2, 3, 5
Suppose -2*g + 0 = 10, 4*q - 20 = 4*g. Suppose 3*f - 32 - 109 = q. Let r = f + -22. What are the prime factors of r?
5
Suppose -3620 = -2*w - z, w = -z - 604 + 2412. What are the prime factors of w?
2, 3, 151
Let x(l) = 13*l + 3. Suppose -3*p = -3*z + 12, -2*p + 4*z - 13 = 3. Suppose o + 3*y = 17, -y - 1 + 6 = p. What are the prime factors of x(o)?
29
Let m(x) = 2*x**2 - 6*x - 2. Let n be m(3). List the prime factors of 44/6*(11 + n).
2, 3, 11
List the prime factors of (-1368)/(-45)*(2 - -3)*18.
2, 3, 19
Suppose 3*b + 0*b - 5*x = 0, 2*b - 5*x + 5 = 0. Suppose b*u + u = 288. What are the prime factors of u?
2, 3
What are the prime factors of 1136/12 - (-8)/(-12)?
2, 47
Let g(s) = -35*s - 7. List the prime factors of g(-16).
7, 79
Let c be 18/(-42) - 6/(-14). Suppose 5*r = -2*k + 89, -5*k - r + 211 = -c*r. Suppose 2*v - 3*i = 32, -3*v + 0*i + k = -3*i. List the prime factors of v.
2, 5
Let z be (-2 + 10)/4 + -8. List the prime factors of 1 + ((-51)/z)/((-5)/(-10)).
2, 3
Let w(j) = -9*j**3 + 0*j**2 + j**2 + 1 + 56*j**3 + j. Let x be w(-1). Let z = 66 + x. List the prime factors of z.
2, 5
Let a(i) be the first derivative of 6*i - 5/2*i**2 - 4. What are the prime factors of a(-6)?
2, 3
Let m(o) = o**2 + 22*o - 4. Let c(x) = 22*x - 4. Let q(y) = -3*c(y) + 2*m(y). What are the prime factors of q(13)?
2, 7
Let m = -2184 + 4442. List the prime factors of m.
2, 1129
Let y = 1626 + -952. Suppose -4*f - 94 = -y. What are the prime factors of f?
5, 29
Suppose 4*i + 15 = 3*i. Let k = 19 + i. What are the prime factors of k?
2
Let c(k) = k**3 - 10*k**2 - 15*k - 16. Let y be c(12). Let g = y - 19. List the prime factors of g.
73
Let j = 18 + -13. Suppose 2*b = -4*q + 5*b + 1269, 0 = 3*q + j*b - 988. List the prime factors of q.
3, 107
Let f = 5 - -4. Suppose -f = 5*t - 5*k + 1, -t + 23 = 4*k. Suppose -2*j - 26 = -t*j. List the prime factors of j.
2, 13
Let t be 3 - 1*(2 - 1). Suppose p + 60 = 3*b + b, t*p = 0. Let n = 21 + b. What ar